{"id":889,"date":"2019-08-30T12:02:43","date_gmt":"2019-08-30T12:02:43","guid":{"rendered":"https:\/\/the7.io\/hotel\/?page_id=889"},"modified":"2024-04-23T12:11:25","modified_gmt":"2024-04-23T12:11:25","slug":"despre-noi","status":"publish","type":"page","link":"https:\/\/vilacentral.ro\/index.php\/despre-noi\/","title":{"rendered":"Despre noi"},"content":{"rendered":"<p>[vc_row content_placement=&#8221;middle&#8221; css=&#8221;.vc_custom_1568896184714{margin-right: 0px !important;margin-left: 0px !important;padding-bottom: 80px !important;}&#8221;][vc_column parallax=&#8221;content-moving&#8221; parallax_image=&#8221;2256&#8243; parallax_speed_bg=&#8221;1&#8243; width=&#8221;1\/2&#8243; css=&#8221;.vc_custom_1713874283476{margin-top: -60px !important;margin-right: 0px !important;padding-top: 200px !important;padding-right: 0px !important;padding-bottom: 200px !important;}&#8221;][\/vc_column][vc_column width=&#8221;1\/2&#8243; css=&#8221;.vc_custom_1565094314911{padding-top: 140px !important;padding-right: 80px !important;padding-bottom: 130px !important;padding-left: 80px !important;background-color: #ffffff !important;}&#8221;]<div id=\"ultimate-heading-615969f4b2b39ccdf\" class=\"uvc-heading ult-adjust-bottom-margin ultimate-heading-615969f4b2b39ccdf uvc-1620  uvc-heading-default-font-sizes\" data-hspacer=\"no_spacer\"  data-halign=\"left\" style=\"text-align:left\"><div class=\"uvc-heading-spacer no_spacer\" style=\"top\"><\/div><div class=\"uvc-sub-heading ult-responsive\"  data-ultimate-target='.uvc-heading.ultimate-heading-615969f4b2b39ccdf .uvc-sub-heading '  data-responsive-json-new='{\"font-size\":\"\",\"line-height\":\"\"}'  style=\"font-weight:normal;\"><\/p>\n<p class=\"v1MsoNormal\">Situat\u0103\u00a0\u00een centrul ora\u015fului Constan\u0163a\u00a0\u015fi la 300 de metri de plaja Neversea, Vila Central dispune de un numar de 20 de camere cu baie proprie, TV , aer condi\u021bionat, frigider\u00a0\u015fi acces gratuit la internet WiFi<\/p>\n<p class=\"v1MsoNormal\">La 100 de metri puteti gasi\u00a0 supermarket , restaurante, iar\u00a0 sta\u0163ia de autobuz este la 200 de metri de proprietate. Chiar \u00een fa\u0163a propriet\u0103\u0163ii se g\u0103se\u015fte o sta\u0163ie de taxi.<\/p>\n<p class=\"v1MsoNormal\">Vila Central este situat\u0103 la 900 de metri de Pia\u0163a Ovidiu \u015fi la 15 minute de mers cu ma\u015fina de ora\u015ful vechi. Sta\u0163iunea Mamaia \u015fi Parcul Aqua Magic se afl\u0103 la mai pu\u0163in de 15 de minute de mers cu ma\u015fina.<\/p>\n<p class=\"v1MsoNormal\">Unitatea are 2 etaje si mansarda fara lift.<\/p>\n<p class=\"v1MsoNormal\">Este posibila parcarea publica in apropiere.<\/p>\n<p><\/div><\/div>[\/vc_column][\/vc_row][vc_row][vc_column][vc_row_inner][vc_column_inner width=&#8221;1\/3&#8243; css=&#8221;.vc_custom_1568730434816{margin-bottom: 30px !important;}&#8221;]<style type=\"text\/css\" data-type=\"the7_shortcodes-inline-css\">.dt-shortcode-icon.icon-8ce9349835ac94f225d0c825f952b6df {\n  min-width: 64px;\n  min-height: 64px;\n  font-size: 62px;\n  border-radius: 100px;\n}\n.dt-shortcode-icon.icon-8ce9349835ac94f225d0c825f952b6df:last-child {\n  margin-right: 0;\n}\n.dt-shortcode-icon.icon-8ce9349835ac94f225d0c825f952b6df .icon-inner {\n  margin: 0px;\n  min-width: 64px;\n  min-height: 64px;\n  border-radius: 100px;\n}\n.dt-shortcode-icon.icon-8ce9349835ac94f225d0c825f952b6df .dt-hover-icon {\n  line-height: 64px;\n}\n.dt-shortcode-icon.icon-8ce9349835ac94f225d0c825f952b6df:before,\n.dt-shortcode-icon.icon-8ce9349835ac94f225d0c825f952b6df:after,\n.dt-shortcode-icon.icon-8ce9349835ac94f225d0c825f952b6df .icon-inner:before,\n.dt-shortcode-icon.icon-8ce9349835ac94f225d0c825f952b6df .icon-inner:after {\n  min-width: 100%;\n  min-height: 100%;\n  padding: inherit;\n  border-radius: inherit;\n}\n.dt-shortcode-icon.icon-8ce9349835ac94f225d0c825f952b6df.dt-icon-border-on:before {\n  border-width: 0px;\n  border-style: solid;\n}\n.dt-icon-border-dashed.dt-shortcode-icon.icon-8ce9349835ac94f225d0c825f952b6df.dt-icon-border-on:before {\n  border-style: dashed;\n}\n.dt-icon-border-dotted.dt-shortcode-icon.icon-8ce9349835ac94f225d0c825f952b6df.dt-icon-border-on:before {\n  border-style: dotted;\n}\n.dt-icon-border-double.dt-shortcode-icon.icon-8ce9349835ac94f225d0c825f952b6df.dt-icon-border-on:before {\n  border-style: double;\n}\n.dt-shortcode-icon.icon-8ce9349835ac94f225d0c825f952b6df.dt-icon-hover-border-on:after {\n  border-width: 0px;\n  border-style: solid;\n}\n.dt-icon-border-dashed.dt-shortcode-icon.icon-8ce9349835ac94f225d0c825f952b6df.dt-icon-hover-border-on:after {\n  border-style: dashed;\n}\n.dt-icon-border-dotted.dt-shortcode-icon.icon-8ce9349835ac94f225d0c825f952b6df.dt-icon-hover-border-on:after {\n  border-style: dotted;\n}\n.dt-icon-border-double.dt-shortcode-icon.icon-8ce9349835ac94f225d0c825f952b6df.dt-icon-hover-border-on:after {\n  border-style: double;\n}\n.dt-shortcode-icon.icon-8ce9349835ac94f225d0c825f952b6df.dt-icon-hover-on:hover {\n  font-size: 62px;\n}\n#page .dt-shortcode-icon.icon-8ce9349835ac94f225d0c825f952b6df.dt-icon-hover-on:hover .soc-font-icon,\n#phantom .dt-shortcode-icon.icon-8ce9349835ac94f225d0c825f952b6df.dt-icon-hover-on:hover .soc-font-icon,\n#page .dt-shortcode-icon.icon-8ce9349835ac94f225d0c825f952b6df.dt-icon-hover-on:hover .soc-icon,\n#phantom .dt-shortcode-icon.icon-8ce9349835ac94f225d0c825f952b6df.dt-icon-hover-on:hover .soc-icon {\n  color: rgba(255,255,255,0.75);\n  background: none;\n}\n#page .dt-shortcode-icon.icon-8ce9349835ac94f225d0c825f952b6df.dt-icon-hover-on:not(:hover) .soc-font-icon,\n#phantom .dt-shortcode-icon.icon-8ce9349835ac94f225d0c825f952b6df.dt-icon-hover-on:not(:hover) .soc-font-icon,\n#page .dt-shortcode-icon.icon-8ce9349835ac94f225d0c825f952b6df.dt-icon-hover-on:not(:hover) .soc-icon,\n#phantom .dt-shortcode-icon.icon-8ce9349835ac94f225d0c825f952b6df.dt-icon-hover-on:not(:hover) .soc-icon,\n#page .dt-shortcode-icon.icon-8ce9349835ac94f225d0c825f952b6df.dt-icon-hover-off .soc-font-icon,\n#phantom .dt-shortcode-icon.icon-8ce9349835ac94f225d0c825f952b6df.dt-icon-hover-off .soc-font-icon,\n#page .dt-shortcode-icon.icon-8ce9349835ac94f225d0c825f952b6df.dt-icon-hover-off .soc-icon,\n#phantom .dt-shortcode-icon.icon-8ce9349835ac94f225d0c825f952b6df.dt-icon-hover-off .soc-icon {\n  color: #ad5142;\n  background: none;\n}\n.dt-shortcode-icon.icon-8ce9349835ac94f225d0c825f952b6df .soc-font-icon,\n.dt-shortcode-icon.icon-8ce9349835ac94f225d0c825f952b6df .soc-icon {\n  font-size: 62px;\n}\n<\/style><div class=\"dt-shortcode-icon-wrap dt-icon-center \"><span  class=\"anchor-link fas fa-praying-hands icon-8ce9349835ac94f225d0c825f952b6df dt-shortcode-icon dt-icon-bg-off dt-icon-hover-border-on dt-icon-hover-off dt-icon-hover-bg-on  vc_custom_1568732501175 \" ><span class=\"icon-inner\"><i class=\"dt-regular-icon soc-icon fas fa-praying-hands\"><\/i><i class=\"dt-hover-icon soc-icon fas fa-praying-hands\"><\/i><span class=\"screen-reader-text\"><\/span><\/span><\/span><\/div><div id=\"ultimate-heading-999169f4b2b39ce60\" class=\"uvc-heading ult-adjust-bottom-margin ultimate-heading-999169f4b2b39ce60 uvc-840  uvc-heading-default-font-sizes\" data-hspacer=\"no_spacer\"  data-halign=\"center\" style=\"text-align:center\"><div class=\"uvc-heading-spacer no_spacer\" style=\"top\"><\/div><div class=\"uvc-main-heading ult-responsive\"  data-ultimate-target='.uvc-heading.ultimate-heading-999169f4b2b39ce60 h5'  data-responsive-json-new='{\"font-size\":\"\",\"line-height\":\"\"}' ><h5 style=\"--font-weight:theme;margin-bottom:20px;\">Seif<\/h5><\/div><\/div>[\/vc_column_inner][vc_column_inner width=&#8221;1\/3&#8243; css=&#8221;.vc_custom_1568730455369{margin-bottom: 30px !important;}&#8221;]<style type=\"text\/css\" data-type=\"the7_shortcodes-inline-css\">.dt-shortcode-icon.icon-dcba36a4b9e77556b1073e657aaa33c4 {\n  min-width: 64px;\n  min-height: 64px;\n  font-size: 62px;\n  border-radius: 100px;\n}\n.dt-shortcode-icon.icon-dcba36a4b9e77556b1073e657aaa33c4:last-child {\n  margin-right: 0;\n}\n.dt-shortcode-icon.icon-dcba36a4b9e77556b1073e657aaa33c4 .icon-inner {\n  margin: 0px;\n  min-width: 64px;\n  min-height: 64px;\n  border-radius: 100px;\n}\n.dt-shortcode-icon.icon-dcba36a4b9e77556b1073e657aaa33c4 .dt-hover-icon {\n  line-height: 64px;\n}\n.dt-shortcode-icon.icon-dcba36a4b9e77556b1073e657aaa33c4:before,\n.dt-shortcode-icon.icon-dcba36a4b9e77556b1073e657aaa33c4:after,\n.dt-shortcode-icon.icon-dcba36a4b9e77556b1073e657aaa33c4 .icon-inner:before,\n.dt-shortcode-icon.icon-dcba36a4b9e77556b1073e657aaa33c4 .icon-inner:after {\n  min-width: 100%;\n  min-height: 100%;\n  padding: inherit;\n  border-radius: inherit;\n}\n.dt-shortcode-icon.icon-dcba36a4b9e77556b1073e657aaa33c4.dt-icon-border-on:before {\n  border-width: 0px;\n  border-style: solid;\n}\n.dt-icon-border-dashed.dt-shortcode-icon.icon-dcba36a4b9e77556b1073e657aaa33c4.dt-icon-border-on:before {\n  border-style: dashed;\n}\n.dt-icon-border-dotted.dt-shortcode-icon.icon-dcba36a4b9e77556b1073e657aaa33c4.dt-icon-border-on:before {\n  border-style: dotted;\n}\n.dt-icon-border-double.dt-shortcode-icon.icon-dcba36a4b9e77556b1073e657aaa33c4.dt-icon-border-on:before {\n  border-style: double;\n}\n.dt-shortcode-icon.icon-dcba36a4b9e77556b1073e657aaa33c4.dt-icon-hover-border-on:after {\n  border-width: 0px;\n  border-style: solid;\n}\n.dt-icon-border-dashed.dt-shortcode-icon.icon-dcba36a4b9e77556b1073e657aaa33c4.dt-icon-hover-border-on:after {\n  border-style: dashed;\n}\n.dt-icon-border-dotted.dt-shortcode-icon.icon-dcba36a4b9e77556b1073e657aaa33c4.dt-icon-hover-border-on:after {\n  border-style: dotted;\n}\n.dt-icon-border-double.dt-shortcode-icon.icon-dcba36a4b9e77556b1073e657aaa33c4.dt-icon-hover-border-on:after {\n  border-style: double;\n}\n.dt-shortcode-icon.icon-dcba36a4b9e77556b1073e657aaa33c4.dt-icon-hover-on:hover {\n  font-size: 62px;\n}\n#page .dt-shortcode-icon.icon-dcba36a4b9e77556b1073e657aaa33c4.dt-icon-hover-on:hover .soc-font-icon,\n#phantom .dt-shortcode-icon.icon-dcba36a4b9e77556b1073e657aaa33c4.dt-icon-hover-on:hover .soc-font-icon,\n#page .dt-shortcode-icon.icon-dcba36a4b9e77556b1073e657aaa33c4.dt-icon-hover-on:hover .soc-icon,\n#phantom .dt-shortcode-icon.icon-dcba36a4b9e77556b1073e657aaa33c4.dt-icon-hover-on:hover .soc-icon {\n  color: rgba(255,255,255,0.75);\n  background: none;\n}\n#page .dt-shortcode-icon.icon-dcba36a4b9e77556b1073e657aaa33c4.dt-icon-hover-on:not(:hover) .soc-font-icon,\n#phantom .dt-shortcode-icon.icon-dcba36a4b9e77556b1073e657aaa33c4.dt-icon-hover-on:not(:hover) .soc-font-icon,\n#page .dt-shortcode-icon.icon-dcba36a4b9e77556b1073e657aaa33c4.dt-icon-hover-on:not(:hover) .soc-icon,\n#phantom .dt-shortcode-icon.icon-dcba36a4b9e77556b1073e657aaa33c4.dt-icon-hover-on:not(:hover) .soc-icon,\n#page .dt-shortcode-icon.icon-dcba36a4b9e77556b1073e657aaa33c4.dt-icon-hover-off .soc-font-icon,\n#phantom .dt-shortcode-icon.icon-dcba36a4b9e77556b1073e657aaa33c4.dt-icon-hover-off .soc-font-icon,\n#page .dt-shortcode-icon.icon-dcba36a4b9e77556b1073e657aaa33c4.dt-icon-hover-off .soc-icon,\n#phantom .dt-shortcode-icon.icon-dcba36a4b9e77556b1073e657aaa33c4.dt-icon-hover-off .soc-icon {\n  color: #ad5142;\n  background: none;\n}\n.dt-shortcode-icon.icon-dcba36a4b9e77556b1073e657aaa33c4 .soc-font-icon,\n.dt-shortcode-icon.icon-dcba36a4b9e77556b1073e657aaa33c4 .soc-icon {\n  font-size: 62px;\n}\n<\/style><div class=\"dt-shortcode-icon-wrap dt-icon-center \"><span  class=\"anchor-link fas fa-home icon-dcba36a4b9e77556b1073e657aaa33c4 dt-shortcode-icon dt-icon-bg-off dt-icon-hover-border-on dt-icon-hover-off dt-icon-hover-bg-on  vc_custom_1567167257481 \" ><span class=\"icon-inner\"><i class=\"dt-regular-icon soc-icon fas fa-home\"><\/i><i class=\"dt-hover-icon soc-icon fas fa-home\"><\/i><span class=\"screen-reader-text\"><\/span><\/span><\/span><\/div><div id=\"ultimate-heading-58569f4b2b39cf17\" class=\"uvc-heading ult-adjust-bottom-margin ultimate-heading-58569f4b2b39cf17 uvc-6654  uvc-heading-default-font-sizes\" data-hspacer=\"no_spacer\"  data-halign=\"center\" style=\"text-align:center\"><div class=\"uvc-heading-spacer no_spacer\" style=\"top\"><\/div><div class=\"uvc-main-heading ult-responsive\"  data-ultimate-target='.uvc-heading.ultimate-heading-58569f4b2b39cf17 h5'  data-responsive-json-new='{\"font-size\":\"\",\"line-height\":\"\"}' ><h5 style=\"--font-weight:theme;margin-bottom:20px;\">Aer conditionat<\/h5><\/div><\/div>[\/vc_column_inner][vc_column_inner width=&#8221;1\/3&#8243; css=&#8221;.vc_custom_1568730472841{margin-bottom: 30px !important;}&#8221;]<style type=\"text\/css\" data-type=\"the7_shortcodes-inline-css\">.dt-shortcode-icon.icon-efdc5298339890957b8024208efdbe96 {\n  min-width: 64px;\n  min-height: 64px;\n  font-size: 62px;\n  border-radius: 100px;\n}\n.dt-shortcode-icon.icon-efdc5298339890957b8024208efdbe96:last-child {\n  margin-right: 0;\n}\n.dt-shortcode-icon.icon-efdc5298339890957b8024208efdbe96 .icon-inner {\n  margin: 0px;\n  min-width: 64px;\n  min-height: 64px;\n  border-radius: 100px;\n}\n.dt-shortcode-icon.icon-efdc5298339890957b8024208efdbe96 .dt-hover-icon {\n  line-height: 64px;\n}\n.dt-shortcode-icon.icon-efdc5298339890957b8024208efdbe96:before,\n.dt-shortcode-icon.icon-efdc5298339890957b8024208efdbe96:after,\n.dt-shortcode-icon.icon-efdc5298339890957b8024208efdbe96 .icon-inner:before,\n.dt-shortcode-icon.icon-efdc5298339890957b8024208efdbe96 .icon-inner:after {\n  min-width: 100%;\n  min-height: 100%;\n  padding: inherit;\n  border-radius: inherit;\n}\n.dt-shortcode-icon.icon-efdc5298339890957b8024208efdbe96.dt-icon-border-on:before {\n  border-width: 0px;\n  border-style: solid;\n}\n.dt-icon-border-dashed.dt-shortcode-icon.icon-efdc5298339890957b8024208efdbe96.dt-icon-border-on:before {\n  border-style: dashed;\n}\n.dt-icon-border-dotted.dt-shortcode-icon.icon-efdc5298339890957b8024208efdbe96.dt-icon-border-on:before {\n  border-style: dotted;\n}\n.dt-icon-border-double.dt-shortcode-icon.icon-efdc5298339890957b8024208efdbe96.dt-icon-border-on:before {\n  border-style: double;\n}\n.dt-shortcode-icon.icon-efdc5298339890957b8024208efdbe96.dt-icon-hover-border-on:after {\n  border-width: 0px;\n  border-style: solid;\n}\n.dt-icon-border-dashed.dt-shortcode-icon.icon-efdc5298339890957b8024208efdbe96.dt-icon-hover-border-on:after {\n  border-style: dashed;\n}\n.dt-icon-border-dotted.dt-shortcode-icon.icon-efdc5298339890957b8024208efdbe96.dt-icon-hover-border-on:after {\n  border-style: dotted;\n}\n.dt-icon-border-double.dt-shortcode-icon.icon-efdc5298339890957b8024208efdbe96.dt-icon-hover-border-on:after {\n  border-style: double;\n}\n.dt-shortcode-icon.icon-efdc5298339890957b8024208efdbe96.dt-icon-hover-on:hover {\n  font-size: 62px;\n}\n#page .dt-shortcode-icon.icon-efdc5298339890957b8024208efdbe96.dt-icon-hover-on:hover .soc-font-icon,\n#phantom .dt-shortcode-icon.icon-efdc5298339890957b8024208efdbe96.dt-icon-hover-on:hover .soc-font-icon,\n#page .dt-shortcode-icon.icon-efdc5298339890957b8024208efdbe96.dt-icon-hover-on:hover .soc-icon,\n#phantom .dt-shortcode-icon.icon-efdc5298339890957b8024208efdbe96.dt-icon-hover-on:hover .soc-icon {\n  color: rgba(255,255,255,0.75);\n  background: none;\n}\n#page .dt-shortcode-icon.icon-efdc5298339890957b8024208efdbe96.dt-icon-hover-on:not(:hover) .soc-font-icon,\n#phantom .dt-shortcode-icon.icon-efdc5298339890957b8024208efdbe96.dt-icon-hover-on:not(:hover) .soc-font-icon,\n#page .dt-shortcode-icon.icon-efdc5298339890957b8024208efdbe96.dt-icon-hover-on:not(:hover) .soc-icon,\n#phantom .dt-shortcode-icon.icon-efdc5298339890957b8024208efdbe96.dt-icon-hover-on:not(:hover) .soc-icon,\n#page .dt-shortcode-icon.icon-efdc5298339890957b8024208efdbe96.dt-icon-hover-off .soc-font-icon,\n#phantom .dt-shortcode-icon.icon-efdc5298339890957b8024208efdbe96.dt-icon-hover-off .soc-font-icon,\n#page .dt-shortcode-icon.icon-efdc5298339890957b8024208efdbe96.dt-icon-hover-off .soc-icon,\n#phantom .dt-shortcode-icon.icon-efdc5298339890957b8024208efdbe96.dt-icon-hover-off .soc-icon {\n  color: #ad5142;\n  background: none;\n}\n.dt-shortcode-icon.icon-efdc5298339890957b8024208efdbe96 .soc-font-icon,\n.dt-shortcode-icon.icon-efdc5298339890957b8024208efdbe96 .soc-icon {\n  font-size: 62px;\n}\n<\/style><div class=\"dt-shortcode-icon-wrap dt-icon-center \"><span  class=\"anchor-link fas fa-wifi icon-efdc5298339890957b8024208efdbe96 dt-shortcode-icon dt-icon-bg-off dt-icon-hover-border-on dt-icon-hover-off dt-icon-hover-bg-on  vc_custom_1567167285843 \" ><span class=\"icon-inner\"><i class=\"dt-regular-icon soc-icon fas fa-wifi\"><\/i><i class=\"dt-hover-icon soc-icon fas fa-wifi\"><\/i><span class=\"screen-reader-text\"><\/span><\/span><\/span><\/div><div id=\"ultimate-heading-209669f4b2b39cfb9\" class=\"uvc-heading ult-adjust-bottom-margin ultimate-heading-209669f4b2b39cfb9 uvc-6905  uvc-heading-default-font-sizes\" data-hspacer=\"no_spacer\"  data-halign=\"center\" style=\"text-align:center\"><div class=\"uvc-heading-spacer no_spacer\" style=\"top\"><\/div><div class=\"uvc-main-heading ult-responsive\"  data-ultimate-target='.uvc-heading.ultimate-heading-209669f4b2b39cfb9 h5'  data-responsive-json-new='{\"font-size\":\"\",\"line-height\":\"\"}' ><h5 style=\"--font-weight:theme;margin-bottom:20px;\">Free Wireless Internet<\/h5><\/div><\/div>[\/vc_column_inner][\/vc_row_inner][\/vc_column][\/vc_row][vc_row][\/vc_row][vc_row full_width=&#8221;stretch_row_content_no_spaces&#8221;][vc_column][vc_column_text]<iframe loading=\"lazy\" style=\"border: 0;\" src=\"https:\/\/www.google.com\/maps\/embed?pb=!1m14!1m8!1m3!1d9314.198582563511!2d28.6500447!3d44.1798361!3m2!1i1024!2i768!4f13.1!3m3!1m2!1s0x0%3A0x964696019d326878!2sVilla%20Central!5e1!3m2!1sro!2sro!4v1653893545603!5m2!1sro!2sro\" width=\"100%\" height=\"450\" allowfullscreen=\"allowfullscreen\"><\/iframe>[\/vc_column_text][\/vc_column][\/vc_row]<\/p>\n","protected":false},"excerpt":{"rendered":"<p>[vc_row content_placement=&#8221;middle&#8221; css=&#8221;.vc_custom_1568896184714{margin-right: 0px !important;margin-left: 0px !important;padding-bottom: 80px !important;}&#8221;][vc_column parallax=&#8221;content-moving&#8221; parallax_image=&#8221;2256&#8243; parallax_speed_bg=&#8221;1&#8243; width=&#8221;1\/2&#8243; css=&#8221;.vc_custom_1713874283476{margin-top: -60px !important;margin-right: 0px !important;padding-top: 200px !important;padding-right: 0px !important;padding-bottom: 200px !important;}&#8221;][\/vc_column][vc_column width=&#8221;1\/2&#8243; css=&#8221;.vc_custom_1565094314911{padding-top: 140px !important;padding-right: 80px !important;padding-bottom: 130px !important;padding-left: 80px !important;background-color: #ffffff !important;}&#8221;][\/vc_column][\/vc_row][vc_row][vc_column][vc_row_inner][vc_column_inner width=&#8221;1\/3&#8243; css=&#8221;.vc_custom_1568730434816{margin-bottom: 30px !important;}&#8221;][\/vc_column_inner][vc_column_inner width=&#8221;1\/3&#8243; css=&#8221;.vc_custom_1568730455369{margin-bottom: 30px !important;}&#8221;][\/vc_column_inner][vc_column_inner width=&#8221;1\/3&#8243; css=&#8221;.vc_custom_1568730472841{margin-bottom: 30px !important;}&#8221;][\/vc_column_inner][\/vc_row_inner][\/vc_column][\/vc_row][vc_row][\/vc_row][vc_row full_width=&#8221;stretch_row_content_no_spaces&#8221;][vc_column][vc_column_text][\/vc_column_text][\/vc_column][\/vc_row]<\/p>\n","protected":false},"author":1,"featured_media":0,"parent":0,"menu_order":0,"comment_status":"closed","ping_status":"closed","template":"","meta":{"footnotes":""},"class_list":["post-889","page","type-page","status-publish","hentry","description-off"],"_links":{"self":[{"href":"https:\/\/vilacentral.ro\/index.php\/wp-json\/wp\/v2\/pages\/889","targetHints":{"allow":["GET"]}}],"collection":[{"href":"https:\/\/vilacentral.ro\/index.php\/wp-json\/wp\/v2\/pages"}],"about":[{"href":"https:\/\/vilacentral.ro\/index.php\/wp-json\/wp\/v2\/types\/page"}],"author":[{"embeddable":true,"href":"https:\/\/vilacentral.ro\/index.php\/wp-json\/wp\/v2\/users\/1"}],"replies":[{"embeddable":true,"href":"https:\/\/vilacentral.ro\/index.php\/wp-json\/wp\/v2\/comments?post=889"}],"version-history":[{"count":7,"href":"https:\/\/vilacentral.ro\/index.php\/wp-json\/wp\/v2\/pages\/889\/revisions"}],"predecessor-version":[{"id":2257,"href":"https:\/\/vilacentral.ro\/index.php\/wp-json\/wp\/v2\/pages\/889\/revisions\/2257"}],"wp:attachment":[{"href":"https:\/\/vilacentral.ro\/index.php\/wp-json\/wp\/v2\/media?parent=889"}],"curies":[{"name":"wp","href":"https:\/\/api.w.org\/{rel}","templated":true}]}}